{"id":26,"date":"2016-02-12T08:13:33","date_gmt":"2016-02-12T08:13:33","guid":{"rendered":"http:\/\/demos.famethemes.com\/onepress\/?page_id=26"},"modified":"2018-10-19T19:54:12","modified_gmt":"2018-10-19T19:54:12","slug":"staelle","status":"publish","type":"page","link":"https:\/\/islandpferdeneuhof.de\/?page_id=26","title":{"rendered":"Heu &#038; Koppel"},"content":{"rendered":"<p>Heu ist der L\u00f6wenanteil der t\u00e4glichen Isi-Futterration. Es versteht sich von selbst, dass wir darauf gro\u00dfen Wert legen. Deshalb stammt das meiste Heu, das wir f\u00fcttern, von den eigenen Wiesen. Jeder Ballen wird vor dem Einlagern mit einem Messger\u00e4t \u00fcberpr\u00fcft, gelagert wird nur in unserer gro\u00dfen Scheune im Trockenen. Den Schnittzeitpunkt passen wir auf die Bed\u00fcrfnisse der Isl\u00e4nder an. Die Qualit\u00e4t unseres Heus k\u00f6nnen wir durch unabh\u00e4ngige Laboruntersuchungen belegen. F\u00fcr staubempfindliche Pferde besteht die M\u00f6glichkeit, nasses oder bedampftes Heu zu f\u00fcttern.<\/p>\n<p>F\u00fcr Dein Pferd gibt es von Mai bis Oktober sch\u00f6ne Koppeln mit pferdegerechten Gr\u00e4sern. Jede Stallgruppe ist zusammen auf einer Weide und entscheidet selbst, wie schnell angweidet wird und wie lange die Pferde auf der Koppel sind. Manche Pferde sind 24h\/Tag drau\u00dfen, andere nur tags\u00fcber oder im hei\u00dfen Sommer nur nachts. Au\u00dferhalb der Weidesaison k\u00f6nnen die Isis auf der Winterkoppel toben.<\/p>\n<p>F\u00fcr die Pflege der Grasbest\u00e4nde und der Weidez\u00e4une investieren wir viel Zeit und Know-How. Bei uns ist es selbstvers\u00e4ndlich, die Weiden abzusammeln, abzumulchen und wenn n\u00f6tig auch mit Spezialmaschinen die L\u00fccken in der Grasnabe wieder zu schlie\u00dfen. Wir analysieren regelm\u00e4\u00dfig die N\u00e4hrstoffversorgung des Bodens und im Herbst und Fr\u00fchjahr sieht man uns auf den Weiden bei der Kontrolle auf Giftpflanzen. Jakobskreuzkraut, Herbstzeitlose und Co. haben so keine Chance.<\/p>\n","protected":false},"excerpt":{"rendered":"<p>Morbi in sem quis dui placerat ornare. Pellentesque odio nisi euismod in pharetra a ultricies.<\/p>\n","protected":false},"author":2,"featured_media":1449,"parent":0,"menu_order":2,"comment_status":"open","ping_status":"closed","template":"","meta":{"footnotes":""},"_links":{"self":[{"href":"https:\/\/islandpferdeneuhof.de\/index.php?rest_route=\/wp\/v2\/pages\/26"}],"collection":[{"href":"https:\/\/islandpferdeneuhof.de\/index.php?rest_route=\/wp\/v2\/pages"}],"about":[{"href":"https:\/\/islandpferdeneuhof.de\/index.php?rest_route=\/wp\/v2\/types\/page"}],"author":[{"embeddable":true,"href":"https:\/\/islandpferdeneuhof.de\/index.php?rest_route=\/wp\/v2\/users\/2"}],"replies":[{"embeddable":true,"href":"https:\/\/islandpferdeneuhof.de\/index.php?rest_route=%2Fwp%2Fv2%2Fcomments&post=26"}],"version-history":[{"count":8,"href":"https:\/\/islandpferdeneuhof.de\/index.php?rest_route=\/wp\/v2\/pages\/26\/revisions"}],"predecessor-version":[{"id":1919,"href":"https:\/\/islandpferdeneuhof.de\/index.php?rest_route=\/wp\/v2\/pages\/26\/revisions\/1919"}],"wp:featuredmedia":[{"embeddable":true,"href":"https:\/\/islandpferdeneuhof.de\/index.php?rest_route=\/wp\/v2\/media\/1449"}],"wp:attachment":[{"href":"https:\/\/islandpferdeneuhof.de\/index.php?rest_route=%2Fwp%2Fv2%2Fmedia&parent=26"}],"curies":[{"name":"wp","href":"https:\/\/api.w.org\/{rel}","templated":true}]}}